at is the remainder when 21847 is divided by 21530?
317
Calculate the remainder when 2970825 is divided by 106.
69
Calculate the remainder when 15538816 is divided by 48711.
7
Calculate the remainder when 545 is divided by 291.
254
Calculate the remainder when 2780673 is divided by 2780074.
599
What is the remainder when 325357 is divided by 27034?
949
Calculate the remainder when 354323 is divided by 354214.
109
What is the remainder when 1407276 is divided by 469020?
216
What is the remainder when 41002923 is divided by 368?
363
Calculate the remainder when 52921765 is divided by 11.
6
Calculate the remainder when 86940 is divided by 2451.
1155
Calculate the remainder when 11666195 is divided by 1843.
5
Calculate the remainder when 327203 is divided by 53962.
3431
Calculate the remainder when 77848430 is divided by 2065.
2060
What is the remainder when 5688020 is divided by 235?
80
Calculate the remainder when 1899718 is divided by 1899718.
0
Calculate the remainder when 86210 is divided by 338.
20
What is the remainder when 2368493 is divided by 294?
29
Calculate the remainder when 38430935 is divided by 252835.
15
What is the remainder when 4899945 is divided by 10337?
207
What is the remainder when 96658 is divided by 11215?
6938
Calculate the remainder when 1210463 is divided by 242090.
13
What is the remainder when 634168 is divided by 634114?
54
Calculate the remainder when 485193 is divided by 162.
3
What is the remainder when 47392 is divided by 2493?
25
Calculate the remainder when 163227 is divided by 20293.
883
Calculate the remainder when 167848852 is divided by 17.
15
Calculate the remainder when 2968225 is divided by 433.
10
What is the remainder when 28077 is divided by 264?
93
Calculate the remainder when 91332014 is divided by 70.
4
Calculate the remainder when 126983 is divided by 367.
1
Calculate the remainder when 11380452 is divided by 2276038.
262
Calculate the remainder when 709629 is divided by 145.
144
What is the remainder when 13310 is divided by 569?
223
Calculate the remainder when 1131825009 is divided by 5844.
5841
Calculate the remainder when 13251016 is divided by 1747.
21
Calculate the remainder when 34501 is divided by 13610.
7281
What is the remainder when 27552466 is divided by 529?
30
Calculate the remainder when 1208721 is divided by 2651.
2516
Calculate the remainder when 287230 is divided by 26110.
20
Calculate the remainder when 318944 is divided by 159151.
642
Calculate the remainder when 179148786 is divided by 131.
129
What is the remainder when 2878508 is divided by 880?
28
Calculate the remainder when 228998 is divided by 1065.
23
Calculate the remainder when 941182 is divided by 116.
74
What is the remainder when 8257358 is divided by 211725?
83
What is the remainder when 44635 is divided by 3032?
2187
What is the remainder when 732776 is divided by 40?
16
What is the remainder when 98261032 is divided by 247?
233
What is the remainder when 2132690 is divided by 205?
75
What is the remainder when 4028678 is divided by 803?
27
Calculate the remainder when 39721 is divided by 197.
124
Calculate the remainder when 10782753 is divided by 5391368.
17
Calculate the remainder when 202023 is divided by 207.
198
Calculate the remainder when 31440 is divided by 7541.
1276
Calculate the remainder when 8077766 is divided by 191.
185
Calculate the remainder when 39365 is divided by 934.
137
What is the remainder when 24109366 is divided by 1154?
1152
Calculate the remainder when 1294904 is divided by 573.
497
What is the remainder when 20688351 is divided by 46?
35
What is the remainder when 6568207 is divided by 1021?
114
What is the remainder when 124347 is divided by 191?
6
Calculate the remainder when 381598 is divided by 8119.
5
What is the remainder when 5012765 is divided by 49144?
77
Calculate the remainder when 668314 is divided by 95345.
899
What is the remainder when 508448 is divided by 2313?
1901
Calculate the remainder when 13385587 is divided by 2848.
2835
Calculate the remainder when 294840 is divided by 4397.
241
Calculate the remainder when 596192 is divided by 3331.
3274
Calculate the remainder when 7017 is divided by 852.
201
What is the remainder when 7265421 is divided by 5?
1
What is the remainder when 1916118 is divided by 44558?
124
What is the remainder when 103263292 is divided by 16?
12
What is the remainder when 3129922 is divided by 32?
2
Calculate the remainder when 2392888 is divided by 826.
792
Calculate the remainder when 13773 is divided by 1994.
1809
What is the remainder when 25752 is divided by 15?
12
Calculate the remainder when 4789726 is divided by 19630.
6
Calculate the remainder when 7263212 is divided by 50.
12
What is the remainder when 34065687 is divided by 168642?
3
Calculate the remainder when 1141115 is divided by 67110.
245
What is the remainder when 461665 is divided by 1258?
1237
What is the remainder when 264252 is divided by 375?
252
Calculate the remainder when 86690645 is divided by 1038.
1037
Calculate the remainder when 28828 is divided by 27337.
1491
What is the remainder when 396873 is divided by 2146?
2009
What is the remainder when 528231 is divided by 264095?
41
What is the remainder when 4902196 is divided by 233?
109
What is the remainder when 211466689 is divided by 97?
93
What is the remainder when 978873 is divided by 139838?
7
Calculate the remainder when 34420 is divided by 5498.
1432
What is the remainder when 797328 is divided by 199329?
12
What is the remainder when 50569453 is divided by 66?
55
Calculate the remainder when 4007271 is divided by 3163.
2913
Calculate the remainder when 15500 is divided by 396.
56
Calculate the remainder when 133912 is divided by 3091.
999
Calculate the remainder when 68594 is divided by 1164.
1082
Calculate the remainder when 69484345 is divided by 2948.
2933
Calculate the remainder when 23042 is divided by 726.
536
What is the remainder when 30559497 is divided by 10?
7
What is the remainder when 6349234 is divided by 1986?
1978
Calculate the remainder when 75893 is divided by 3160.
53
What is the remainder when 8985159 is divided by 2269?
2188
Calculate the remainder when 27007 is divided by 13018.
971
Calculate the remainder when 1899275 is divided by 27.
14
What is the remainder when 2774675 is divided by 1068?
11
Calculate the remainder when 33498878 is divided by 33.
17
What is the remainder when 440446 is divided by 451?
270
Calculate the remainder when 336978664 is divided by 52.
48
What is the remainder when 9026 is divided by 83?
62
What is the remainder when 685502 is divided by 9263?
40
Calculate the remainder when 921440 is divided by 48.
32
Calculate the remainder when 30039 is divided by 523.
228
What is the remainder when 11403138 is divided by 872?
866
Calculate the remainder when 66529581 is divided by 11925.
6
What is the remainder when 1088478 is divided by 2126?
2092
Calculate the remainder when 46141 is divided by 2015.
1811
Calculate the remainder when 335776 is divided by 9327.
4
What is the remainder when 1736852 is divided by 91411?
43
What is the remainder when 508249 is divided by 993?
826
Calculate the remainder when 836150 is divided by 29.
22
What is the remainder when 242409917 is divided by 2230?
2227
Calculate the remainder when 106468 is divided by 38.
30
Calculate the remainder when 1063492 is divided by 484.
144
What is the remainder when 431408 is divided by 428?
412
What is the remainder when 60846 is divided by 6402?
3228
Calculate the remainder when 1823849365 is divided by 8.
5
What is the remainder when 1643134 is divided by 234721?
87
What is the remainder when 91112 is divided by 880?
472
What is the remainder when 2715676 is divided by 860?
656
What is the remainder when 430825593 is divided by 14?
9
Calculate the remainder when 16351 is divided by 2018.
207
What is the remainder when 78678 is divided by 597?
471
What is the remainder when 1153893 is divided by 480?
453
What is the remainder when 30817406 is divided by 139?
133
Calculate the remainder when 1080492 is divided by 4867.
18
Calculate the remainder when 13076331 is divided by 2709.
2697
What is the remainder when 174029 is divided by 442?
323
Calculate the remainder when 1014451 is divided 